- 9*y - 15. What is s(-7)?
-1
Let w(k) = -3*k**2 + 3*k + 2. What is w(-1)?
-4
Let s(q) = -q**3 - 12*q**2 - 9*q + 4. Give s(-11).
-18
Let i(d) = -2*d**3 - 13*d**2 + 10*d + 121. Give i(-5).
-4
Let o(z) = z**2 - 12*z + 4. Calculate o(7).
-31
Let z(w) = 3*w - 5. Determine z(0).
-5
Let g(y) = y**3 + 18*y**2. Determine g(-18).
0
Let x(g) = -g + 8. Determine x(6).
2
Let k(g) = -g**3 - 9*g**2 + 17*g + 9. Determine k(-10).
-61
Let h(o) = 2*o + 30. Determine h(-15).
0
Let i(x) = x**3 - 4*x**2 - 3*x + 7. Give i(5).
17
Let g(n) = 28*n - 8. Determine g(1).
20
Let j(a) = a - 32. Determine j(29).
-3
Let j(g) = -5*g + 2. Determine j(1).
-3
Let m(q) = -q**2 - 2*q - 1. Give m(0).
-1
Let m(j) = 6*j**2 + 96*j - 4. Give m(-16).
-4
Let p(w) = -4*w + 16. Give p(3).
4
Let o(l) = l**2 + 2*l - 11. Determine o(-3).
-8
Let o(h) = 5*h - 3. Calculate o(5).
22
Let f(r) = r**3 + 4*r**2 - r - 7. Calculate f(-4).
-3
Let r(a) = 2*a**2 - 18*a + 7. Determine r(12).
79
Let l(m) = -3*m + 41. What is l(17)?
-10
Let r(c) = -c**3 - 7*c**2 - 5*c + 14. What is r(-6)?
8
Let n(l) = 10*l + 78. What is n(-9)?
-12
Let k(y) = -y - 5. Give k(5).
-10
Let h(z) = -z**3 - 29*z**2 + 60*z - 46. Determine h(-31).
16
Let c(j) = -2*j**2 + 40*j + 35. Give c(21).
-7
Let j(p) = 3*p - 1. Give j(4).
11
Let f(j) = -j**3 + 3*j**2 + 13. Determine f(4).
-3
Let m(i) = -27*i. Calculate m(1).
-27
Let r(p) = -p**3 - 7*p**2 - 15*p - 52. Calculate r(-6).
2
Let j(r) = -3*r + 6. What is j(7)?
-15
Let t(v) = -36*v + 2. Determine t(3).
-106
Let w(x) = 5*x - 54. Give w(15).
21
Let x(v) = -2*v + 6. Calculate x(5).
-4
Let j(t) = -t**3 + 5*t**2 - 8*t + 4. Determine j(2).
0
Let g(f) = 10*f - 11. Calculate g(3).
19
Let g(v) = 13*v**2 + v. Give g(1).
14
Let i(y) = -y + 1. What is i(9)?
-8
Let f(t) = 5*t - 28. Calculate f(4).
-8
Let g(z) = 2*z**2 + 12*z + 3. Determine g(-5).
-7
Let n(a) = a**2 - 16*a + 19. Calculate n(15).
4
Let x(l) = -l**2 + 26*l + 44. Calculate x(27).
17
Let n(r) = r**2 + 12*r - 20. Give n(-13).
-7
Let s(n) = -9*n**2 + 3*n + 2. What is s(-1)?
-10
Let t(a) = 2*a**2 + 6*a - 14. Give t(2).
6
Let u(q) = -q**3 + 8*q**2 - 7*q + 2. Determine u(7).
2
Let x(i) = i**3 - 4*i**2 + i + 4. Give x(2).
-2
Let h(s) = s**3 - 7*s**2 - 7*s - 11. What is h(7)?
-60
Let v(z) = z**2 - 7*z - 7. Calculate v(-2).
11
Let r(y) = y**2 + 17*y + 46. What is r(-12)?
-14
Let z(g) = g**2 - 14*g + 6. What is z(0)?
6
Let f(i) = i**2 + 14*i - 1. Give f(-13).
-14
Let h(g) = g**3 - 3*g**2 - 2*g + 3. Determine h(3).
-3
Let l(n) = 2*n - 21. Calculate l(8).
-5
Let g(j) = -6*j**3 - 45*j**2 - 22*j - 17. Determine g(-7).
-10
Let w(b) = b**3 + 5*b**2 + 2*b + 50. Give w(-6).
2
Let k(g) = -g**3 + 5*g**2 - g - 3. Calculate k(4).
9
Let p(q) = 12*q - 130. Determine p(12).
14
Let t(b) = b**3 + 8*b**2 + 4*b - 48. Calculate t(-7).
-27
Let z(d) = 17*d - 46. What is z(-3)?
-97
Let p(h) = h**2 - 6*h + 10. Determine p(4).
2
Let t(u) = -9*u**3 + u**2 - u - 1. Give t(-2).
77
Let b(y) = -38*y**2 - 3*y - 3. What is b(-1)?
-38
Let z(k) = k**2 + 3. Give z(-4).
19
Let z(n) = -n**2 - 20*n - 78. Determine z(-18).
-42
Let n(t) = -t**3 - 18*t**2 - 24*t - 111. Give n(-17).
8
Let q(c) = -c - 10. Determine q(2).
-12
Let g(f) = -f**3 - 6*f**2 - 6*f + 8. Give g(-4).
0
Let g(u) = u**3 - u**2 + u - 18. Calculate g(0).
-18
Let i(s) = s**3 - 8*s**2 - 8*s + 53. Calculate i(8).
-11
Let j(w) = w**2 + 13*w + 8. Calculate j(-13).
8
Let s(i) = 2*i**2 + 12*i + 4. What is s(-6)?
4
Let n(y) = y**3 - 4*y**2 - 12*y - 6. What is n(6)?
-6
Let g(f) = -f + 1. Give g(9).
-8
Let i(j) = -5*j - 14. What is i(-5)?
11
Let c(o) = -o**3 - 10*o**2 - 1. What is c(-3)?
-64
Let t(j) = j**2 + 2*j - 2. Determine t(-4).
6
Let f(m) = 5*m - 3. Determine f(-2).
-13
Let z(r) = -15*r + 30. Calculate z(2).
0
Let a(b) = 2*b**2 + 7*b - 1. Give a(-5).
14
Let q(z) = 4*z + 14. Determine q(2).
22
Let h(w) = -17*w + 28. Determine h(2).
-6
Let t(i) = -i**2 - 63*i - 355. Determine t(-6).
-13
Let n(h) = -4*h - 37. Give n(-11).
7
Let g(w) = -5*w**2 + 279*w + 46. What is g(56)?
-10
Let i(a) = -a**2 + 11*a + 73. Calculate i(-7).
-53
Let g(q) = -3*q - 23. Give g(0).
-23
Let r(s) = s**3 + 11*s**2 - 14*s - 17. Determine r(-12).
7
Let o(m) = m**3 - 9*m**2 - 14*m - 4. Calculate o(11).
84
Let l(t) = -4*t - 2. Calculate l(-6).
22
Let c(n) = -7*n**3 - n**2 - n + 2. Give c(2).
-60
Let v(o) = 14*o - 18. Calculate v(-5).
-88
Let d(u) = u**3 - 7*u**2 - 4*u - 30. Give d(8).
2
Let u(z) = -z**2 - 16*z - 20. What is u(-15)?
-5
Let z(f) = 4*f**2 + 50*f - 31. Calculate z(-13).
-5
Let f(v) = 2*v**2 - 14*v - 3. What is f(7)?
-3
Let d(h) = -4*h**3 + h**2 - 2*h - 2. What is d(-2)?
38
Let p(d) = 28*d + 90. What is p(-3)?
6
Let x(b) = 10*b - 44. Give x(5).
6
Let g(y) = y**2 - 20*y + 41. Calculate g(20).
41
Let o(k) = k**2 - 16*k + 27. Determine o(12).
-21
Let i(x) = 11*x + 5. What is i(-4)?
-39
Let u(n) = n**3 - 7*n**2 - n + 10. Calculate u(7).
3
Let j(a) = 3*a**2 + a. Determine j(-2).
10
Let p(g) = -4*g + 15. What is p(7)?
-13
Let y(g) = g**3 - 16*g**2 - 16*g - 27. Calculate y(17).
-10
Let o(i) = -i**2 + 25*i - 99. Determine o(5).
1
Let d(n) = -12*n + 461. Calculate d(38).
5
Let n(o) = -2*o**3 - 41*o**2 - 23*o - 66. What is n(-20)?
-6
Let x(i) = -i**3 - i**2 - 2*i - 9. Calculate x(0).
-9
Let l(o) = -o + 14. What is l(15)?
-1
Let s(n) = -12*n + 621. Determine s(53).
-15
Let b(q) = q**3 + 9*q**2 + 4*q - 32. Calculate b(-8).
0
Let y(o) = 11*o**3 + o**2 + 2*o + 1. What is y(-1)?
-11
Let u(r) = -4*r**2 + 4*r - 2. What is u(1)?
-2
Let i(j) = j**2 - 22*j - 53. Calculate i(23).
-30
Let t(u) = -6*u - 2. Determine t(-3).
16
Let m(f) = f**2 + 4*f - 6. Calculate m(-3).
-9
Let u(h) = h + 11. Determine u(-31).
-20
Let p(z) = -z. Give p(1).
-1
Let z(l) = -2*l**2 - 5*l + 8. Calculate z(5).
-67
Let t(x) = -x**2 - 11*x + 3. Calculate t(-11).
3
Let v(h) = 3*h - 56. What is v(17)?
-5
Let s(w) = 152*w + 4. What is s(1)?
156
Let x(k) = -k**2 - 20*k + 4. Determine x(-17).
55
Let k(d) = -9*d**2 - 215*d + 24. What is k(-24)?
0
Let n(z) = z**3 - 7*z**2 - 19. Give n(7).
-19
Let c(d) = 88*d - 188. Determine c(2).
-12
Let p(g) = -g**3 + 7*g**2 + 4*g - 17. What is p(7)?
11
Let s(f) = -f**3 - 10*f**2 + 12*f + 18. Give s(-11).
7
Let d(r) = -7*r**3 - r**2. Calculate d(-1).
6
Let p(a) = a - 11. Determine p(-8).
-19
Let x(n) = n**3 + 3*n**2 - 6*n - 2. Calculate x(-4).
6
Let w(i) = 4*i + 35. What is w(-8)?
3
Let u(a) = 57*a**3 - 3*a - 4. Determine u(-1).
-58
Let h(k) = -15*k + 47. What is h(8)?
-73
Let j(t) = -2*t**2 + 10*t + 48. What is j(-3)?
0
Let h(d) = -2*d**2 + d + 2. Calculate h(-3).
-19
Let h(b) = -9*b**2 - b - 1. Calculate h(-1).
-9
Let p(z) = z**3 - 6*z**2 - 3*z + 8. Give p(6).
-10
Let v(t) = t**3 - 6*t**2 - 46*t + 256. Determine v(5).
1
Let m(o) = -3*o**2 - 48*o + 22. Give m(-17).
-29
Let f(n) = -n**3 - 3*n**2 + 2*n - 3. What is f(-3)?
-9
Let k(y) = 10*y**3 - 1. Give k(1).
9
Let i(p) = -p**3 + p**2 - 2*p + 4. Determine i(2).
-4
Let q(c) = -3*c + 10. Determine q(4).
-2
Let t(p) = 3*p + 74. Calculate t(-23).
5
Let v(k) = 12*k - 36. Determine v(4).
12
Let i(k) = -k**3 + 7*k**2 - 7*k - 2. What is i(6)?
-8
Let z(g) = g + 8. Calculate z(-17).
-9
Let i(l) = l**2 + 5*l + 1. Determine i(-3).
-5
Let o(c) = c**3 - 14*c**2 + 11*c + 8. Determine o(13).
-18
Let z(y) = y**3 - 5*y**2 + y + 19. What is z(4)?
7
Let v(z) = -z**3 - 7*z**2 + 3*z + 45. What is v(-5)?
-20
Let g(s) = s**2 - 3. Determine g(-4).
13
Let j(q) = q**3 - 15*q**2 + 24*q + 14. What is j(13)?
-12
Let i(d) = 3*d - 2. What is i(-4)?
-14
Let n(m) = 2*m - 8. What is n(5)?
2
Let o(b) = -2*b - 5. Give o(8).
-21
Let b(k) = 6*k + 36. Give b(-9).
-18
Let r(d) = d**3 - 16*d**2 - 18*d + 13. Determine r(17).
-4
Let o(g) = g + 4. Give o(8).
12
Let o(y) = y + 4. Determine o(-21).
-17
Let w(c) = -c**3 + c**2 - 5*c + 5. Calculate w(2).
-9
Let v(l) = -3*l**2 - 3*l + 2. What is v(2)?
-16
Let o(s) = -s**2 - 13*s - 20. Determine o(-12).
-8
Let i(c) = -c**3 - c**2 + 71. Determine i(0).
71
Let b(h) = 3*h**2 - 8*h + 2. What is b(3)?
5
Let v(t) = t**3 - 6*t**2 - 9*t + 8. What is v(7)?
-6
Let c(l) = -42*l - 338. Determine c(-8).
-2
Let z(d) = d**3 - 6*d**2 + 4*d + 4. What is z(5)?
-1
Let v(k) = 2*k**2 - 49*k + 68. What is v(23)?
-1
Let i(k) = -2*k + 27. Calculate i(14).
-1
Let n(y) = -y**3 + 2*y**2 + 12*y - 8. Give n(4).
8
Let q(o) = o**2 - 21*o + 69.